s i(4)?
6
Let k be (-10)/(-6) + 1/3. Let s(r) = -r**3 + r. Let o be s(k). Let u(c) = -c**3 - 5*c**2 + 5*c + 6. Give u(o).
12
Let c(g) = g**2 - g + 2 + 5*g + 1. Suppose 2 = 5*j + 3*p, -2*j - 4*p + 7 + 5 = 0. What is c(j)?
-1
Let h = 7 + -5. Let l(n) be the first derivative of -n**3/3 - n**2/2 + 2*n + 12. Let g be l(h). Let m(d) = -d**3 - 3*d**2 + 4*d + 3. Calculate m(g).
3
Let c be 2*((-11)/2)/1. Let v = 18 + c. Let i be 24/14 - (-2)/v. Let q(m) = 3*m**2 - 2*m - 1. Give q(i).
7
Let q(d) be the third derivative of d**4/24 - 5*d**3/6 - 19*d**2. Let r be ((-3)/(-3) + 0)*5. Determine q(r).
0
Let q(r) be the third derivative of r**4/12 + 2*r**3/3 - 12*r**2. Give q(4).
12
Suppose 0 = -o + 1. Suppose 0 = 2*i - o - 1. Let l(a) be the second derivative of a**3/2 - a**2/2 + a. What is l(i)?
2
Let o(b) = -b**3 + 11*b**2 + 8*b - 14. Let c(s) = s**2 - 1. Let k(h) = -6*c(h) + o(h). Let y be (36/(-16))/(15/(-40)). Determine k(y).
4
Let h(q) = -2 + 2*q - 2 - q. Suppose 0 = -3*f + 2*f + 3. Determine h(f).
-1
Let f = 3 - 1. Let h be ((-2)/(-4)*0)/(-1). Let w(g) = 0*g**2 + 4*g - 3 - g**2 + h*g**2 + g**3. Determine w(f).
9
Let t(k) = -k**3 + 15*k**2 + 17*k - 21. Let z be t(16). Let f(w) = -2*w - 5. Determine f(z).
5
Let d(y) = -y**2 - 4 + 5 - 2*y**2 + 2*y**3. Let c(g) = -g**3 - 8*g**2 - 12*g + 6. Let p be c(-6). Suppose 5*h - 4 = p. What is d(h)?
5
Suppose -2*z = -3*y - 7*z - 11, 3*z + 18 = 2*y. Let q(p) = -p**3 + 2*p**2 + 2*p - 2. What is q(y)?
-5
Let q be ((-12)/5)/((-2)/45). Let j be q/12*(-8)/(-18). Let h(i) = -3*i**2 + 2*i. What is h(j)?
-8
Let r(f) = 2*f - f**3 - 3*f + 0*f**2 + 0*f + 1 + 4*f**2. Give r(3).
7
Suppose 13 - 4 = 3*d. Let q = 7 - d. Let f(w) = -w**3 + 5*w**2 - 2*w - 3. Give f(q).
5
Suppose j - 2*j + 2 = 0. Let m = -1 + -5. Let p = j + m. Let x(z) = -z**3 - 3*z**2 + 4*z + 6. Give x(p).
6
Let q(r) = r**2 - r + 2. Let t(o) = -o + 7. Let p be t(5). What is q(p)?
4
Let p(f) be the third derivative of f**6/120 - f**5/15 - 5*f**4/24 - 7*f**3/6 - 7*f**2. Determine p(5).
-7
Let k(v) = -13*v. Let i = -9 - -8. What is k(i)?
13
Suppose -k + 8 + 2 = g, -4*k = 2*g - 50. Suppose 2*t + 4*s + k + 3 = 0, -4*s - 11 = -5*t. Let m(z) = -4*z**2 + 0*z**2 + 0*z**2. Give m(t).
-4
Suppose y + s = -5, -4*y + 3*s = -9 - 6. Let d(l) be the third derivative of y*l + 3*l**2 + 0 - 1/6*l**3 - 1/12*l**4 + 1/30*l**5. Give d(2).
3
Let v(h) = -2*h + 117 - 118 + 4*h + 6*h**2. Give v(1).
7
Let k(h) = 8*h**2 - 11*h - 3. Let x(f) = -7*f**2 + 10*f + 3. Let r(t) = -6*k(t) - 7*x(t). Give r(3).
-6
Let f(s) be the first derivative of s**2 + s - 3. Determine f(-1).
-1
Let u(m) = -7*m**3 + m + 13. Let f(d) = -8*d**3 + d**2 + 14. Let s be (4/(-6))/(18/189). Let p(x) = s*u(x) + 6*f(x). Determine p(-7).
-7
Let b(g) be the second derivative of -g**5/20 - g**4/12 + g**3/6 + 4*g**2 - 8*g. Let r = -2 + 2. What is b(r)?
8
Let c = 1 - 1. Let g(h) = -5 - h**2 + 2 + 2*h + c*h + 5*h. Give g(6).
3
Let c(r) = 10*r**3 + r**2 + r + 1. Suppose -3*z + 17 = -2*i, 0 + 10 = 2*z. Let y = i - -2. Let t be ((-3)/(5 - 2))/y. Calculate c(t).
-9
Let d(k) = -k**3 + k**2 + 4*k**2 + 3*k - 7*k. What is d(3)?
6
Let a(t) be the second derivative of -3*t + 0 - 1/4*t**4 - 1/2*t**2 + 5/6*t**3 - 1/20*t**5. Calculate a(-4).
-5
Let v be (-2)/8 + (-36)/(-16). Suppose -3*c + 1 = -v. Let l be (5 + -1)/2 - c. Let r(o) = 3*o. Determine r(l).
3
Let g(t) = t**3 + t**2 - t + 9. Let k(f) = f + 5. Let d be 3*(2 + -4 - -1). Let z be k(d). Suppose -4*b = -z*b. What is g(b)?
9
Let s be 2/7 - (-57)/21. Suppose 5*q + 0*q = 2*l + 5, -l + 2 = -q. Let g(h) = -s - 1 - 3 + q + 4*h. Give g(3).
8
Let a = -30 - -28. Let k(l) = 4*l**3 + 3*l**2 - l - 2. What is k(a)?
-20
Let u(r) = 2*r + 1. Let w(l) = -11*l + 7. Let o(v) = 5*v - 3. Let t(z) = 9*o(z) + 4*w(z). Let d be 3*(-3)/(-11 + 2). Let q be t(d). Determine u(q).
5
Let z(v) = v**3 + 7*v**2 - 9*v - 6. Let o = 142 + -150. Give z(o).
2
Let m(f) = f**3 - 4*f**2 + 3*f - 2. Let p be (20/(-4) + -1)*(-1)/2. What is m(p)?
-2
Let a(c) = -c**2 + 3*c + 4. Suppose -h - 5 = -0*h. Let j = -2 - h. Give a(j).
4
Let f(c) = c**2 - 7*c + 2. Let q(u) = -u**2 + 7*u - 2. Let a(d) = -3*f(d) - 4*q(d). Suppose -19 = -4*l + 1. Determine a(l).
-8
Let g(j) = 5*j**2 - 2. Let h(s) = -6*s**2 + s + 3. Let p(v) = 4*g(v) + 3*h(v). Calculate p(-2).
3
Let n(c) = c + 2. Let t be n(0). Let l(g) = -g**t - 4 + 0*g + g + 0. Let d = -2 - -2. Determine l(d).
-4
Let z(p) be the first derivative of p**4/4 - p**3 - p**2/2 - p + 122. Suppose 0 = -f + 2. Determine z(f).
-7
Let i(o) = -4 - 12*o + 3 - o. Let t(s) = s**3 - 7*s + 5. Let a be t(-3). What is i(a)?
12
Let a(s) = s + 5. Let n be (-8)/16*(22 - 0). Let b be a(n). Let z(p) = -p**2 - 7*p. Determine z(b).
6
Let a be 1*(-1 - 0) - -7. Suppose a = 3*t - t. Suppose -t*r - 28 = 3*k - 8*k, 4*r = 4*k - 24. Let s(l) = -l**3 + 6*l**2 - 6*l. Determine s(k).
-5
Let p(z) = -4*z**2 + z + 1. Suppose 2*v + 5 = 3. What is p(v)?
-4
Let g be ((-21)/9)/(3/(-9)). Suppose 3 + g = 2*o. Let j(v) = -3*v - 11. Let s(w) = -4*w - 12. Let i(m) = o*s(m) - 6*j(m). What is i(5)?
-4
Suppose f = -1 + 7. Suppose -i + f*i = 20. Let k(p) be the second derivative of p**5/20 - p**4/3 - p**3/3 + p**2 + 11*p. Give k(i).
-6
Let q(m) = -m**2 + 7*m - 3. Let w be q(6). Suppose -z - 1 = -w. Let o(l) = 8*l - 1. Let x(v) = 7*v - 1. Let r(p) = z*o(p) - 3*x(p). Determine r(-1).
6
Let x be ((-6)/(-9))/((-1)/(-3)). Let m(n) = 6*n**3 - n**x - n - n**3 - n**2 + 0*n**3. Give m(-1).
-6
Suppose 5*v + 7 = -x, 4*x + 2*v + 4 = 3*x. Let w(l) = -l**2 + 2*l + 1. Give w(x).
-7
Let x be 12/(-16) - (-15)/20. Let t = 28 + -16. Suppose 0*r - 3*r - t = x. Let v(p) = -p**3 - 4*p**2 - 2*p - 5. Determine v(r).
3
Let m = -97 + 103. Let t(j) = -j + 14. Calculate t(m).
8
Let c(m) = 2*m**2 - 3*m - 2. Let k = -1 - -8. Suppose 2*l - h + 99 = k, 2*h + 138 = -3*l. Let n be l/(-14) + 2/(-7). What is c(n)?
7
Suppose 0 = 2*o - 3*o + 2. Let f(l) = -5*l - 4*l**o + 8*l**2 + l**3 + 0*l**3 - 6. Determine f(-5).
-6
Let x(p) be the second derivative of -p**4/12 + 2*p**2 - 5*p. Determine x(3).
-5
Suppose 5*y - 35 = -5*g, 0 = -2*y + 3*g + 2 - 8. Let m(j) = j**2 - 3*j + 4. Give m(y).
4
Suppose -3 - 7 = -i. Suppose 0 = 4*a + 2*p + 28, -5*p - i = 10. Let f(s) = 2*s + 3. Calculate f(a).
-7
Let t(m) = m**2 + 6*m - 5. Suppose -7 = 12*w - 11*w. Calculate t(w).
2
Suppose 209 - 205 = l. Let h(w) = w**3 - 5*w**2 + 2*w - 6. What is h(l)?
-14
Let f(b) = 6*b**3 - 12*b**2 - 5*b - 9. Let s(l) = -5*l**3 + 11*l**2 + 4*l + 8. Let p(g) = -6*f(g) - 7*s(g). Let w = 3 + -8. Determine p(w).
-12
Let x(u) = u + 6. Let c = -8 + 13. Suppose 9 = -3*p - 5*r - 14, -3*r = c*p + 33. Let m be (-2)/1*p/(-4). Calculate x(m).
3
Let a(n) = -n + 8. Let k(t) = t**2 + 1. Let b be k(4). Suppose -b = -3*v + 2*q, -5*v - 3*q + 28 = 6. Determine a(v).
3
Suppose 6 = 2*j - 3*y - 7, -3*j + 4*y + 19 = 0. Let x(f) = -j*f - f**3 - 3*f**2 - f**2 + 2*f. Calculate x(-2).
-2
Let o(f) be the third derivative of f**4/2 + f**3/6 + 10*f**2. Determine o(1).
13
Let o(n) = 9*n - 3*n**2 + n**2 + n**2 - 4. Let u be o(9). Let c(k) = -k**2 - 5*k - 5. Calculate c(u).
-1
Let i(s) = -8*s - 2. Let w(d) = -9*d - 2. Let p(v) = -7*i(v) + 6*w(v). Determine p(-5).
-8
Let j(n) = -2 + 2*n + 3 + 4 - 11. Give j(4).
2
Let k(r) = -r**3 - 2*r**2 - 2*r. Suppose -3*i - 2*i = -15. Let s = i + -5. Give k(s).
4
Let r(n) = n**2 + 3*n - 4. Suppose 6*l - 24 = 2*l + 4*c, 2*l - c - 10 = 0. Suppose 2*w = -0*w - l*d - 18, 5*w - 4*d = -17. Calculate r(w).
6
Let h(w) = -w + 1. Let q(k) = -k**2 - 7*k + 8. Let f(u) = 6*h(u) - q(u). Let o be (-6)/(-9) + 32/6. Let z be (3/3)/((-2)/o). Give f(z).
4
Suppose -g - 3 = -0*g. Let i be ((-2)/2 - 0) + 3. Let h(b) = 16 - b**i + b**2 + b**2 + 4*b - 13. What is h(g)?
0
Let x(w) = 3*w + 10. Let f be (19 + -11)*(-2)/4. What is x(f)?
-2
Let u(x) = 3*x**3 - 19*x**2 + 7*x + 4. Let k(f) = f**3 - 9*f**2 + 3*f + 2. Let b(q) = -5*k(q) + 2*u(q). Determine b(-7).
5
Suppose -13 = -4*f + 7. Suppose -w + f*w = 0. Let h(u) = -3*u**2 + 5*u + 5. Let n(a) = 2*a**2 - 4*a - 4. Let y(c) = 3*h(c) + 4*n(c). Give y(w).
-1
Let x be 5/(15/6) - 2. Suppose v + x = -1. Let z(k) be the second derivative of k**3/3 + k. Determine z(v).
-2
Let s(v) = 2*v**2 - v**2 - 17 + 18. Let m = 2 - 3. Determine s(m).
2
Suppose 0 = -p + 4*p. Let t(r) = -2*r. Let f be t(-2). Let n(c) = 